{"id":103,"date":"2016-12-19T21:13:51","date_gmt":"2016-12-19T21:13:51","guid":{"rendered":"http:\/\/kevy2.saucissekevy.com\/wordpress\/?page_id=103"},"modified":"2021-02-02T04:11:41","modified_gmt":"2021-02-02T04:11:41","slug":"nos-produits","status":"publish","type":"page","link":"https:\/\/saucissekevy.com\/?page_id=103","title":{"rendered":"Nos produits"},"content":{"rendered":"<p><span class=\"s1\"><b>&nbsp; &nbsp; T<\/b><\/span><span class=\"s2\">ous les produits K\u00e9vy sont con\u00e7us avec le m\u00eame souci d&#8217;offrir un aliment sant\u00e9 de premi\u00e8re qualit\u00e9, \u00e0 <b>faible teneur en gras satur\u00e9s, sans glutamate monosodique (MSG) ou additifs.&nbsp;<\/b><\/span><\/p>\n<p><!--more--><\/p>\n<p data-wp-editing=\"1\"><a href=\"https:\/\/saucissekevy.com\/wordpress\/wp-content\/uploads\/2019\/05\/VeauTofu.png\"><img decoding=\"async\" loading=\"lazy\" class=\"alignleft wp-image-562 size-medium\" src=\"https:\/\/saucissekevy.com\/wordpress\/wp-content\/uploads\/2019\/05\/VeauTofu-300x177.png\" alt=\"\" width=\"300\" height=\"177\" srcset=\"https:\/\/saucissekevy.com\/wordpress\/wp-content\/uploads\/2019\/05\/VeauTofu-300x177.png 300w, https:\/\/saucissekevy.com\/wordpress\/wp-content\/uploads\/2019\/05\/VeauTofu-350x207.png 350w, https:\/\/saucissekevy.com\/wordpress\/wp-content\/uploads\/2019\/05\/VeauTofu.png 722w\" sizes=\"(max-width: 300px) 100vw, 300px\" \/><br \/>\n<\/a><\/p>\n<p><img decoding=\"async\" loading=\"lazy\" class=\"size-medium wp-image-561 alignright\" src=\"https:\/\/saucissekevy.com\/wordpress\/wp-content\/uploads\/2019\/05\/Veau-300x194.png\" alt=\"\" width=\"300\" height=\"194\" srcset=\"https:\/\/saucissekevy.com\/wordpress\/wp-content\/uploads\/2019\/05\/Veau-300x194.png 300w, https:\/\/saucissekevy.com\/wordpress\/wp-content\/uploads\/2019\/05\/Veau-350x227.png 350w, https:\/\/saucissekevy.com\/wordpress\/wp-content\/uploads\/2019\/05\/Veau.png 741w\" sizes=\"(max-width: 300px) 100vw, 300px\" \/><\/p>\n<p><img decoding=\"async\" loading=\"lazy\" class=\"size-medium wp-image-566 alignleft\" src=\"https:\/\/saucissekevy.com\/wordpress\/wp-content\/uploads\/2019\/05\/Bisonporc-300x185.png\" alt=\"\" width=\"300\" height=\"185\" srcset=\"https:\/\/saucissekevy.com\/wordpress\/wp-content\/uploads\/2019\/05\/Bisonporc-300x185.png 300w, https:\/\/saucissekevy.com\/wordpress\/wp-content\/uploads\/2019\/05\/Bisonporc-350x216.png 350w, https:\/\/saucissekevy.com\/wordpress\/wp-content\/uploads\/2019\/05\/Bisonporc.png 737w\" sizes=\"(max-width: 300px) 100vw, 300px\" \/><\/p>\n<p><span style=\"font-size: 1rem;\"><img decoding=\"async\" loading=\"lazy\" class=\"size-medium wp-image-565 alignright\" src=\"https:\/\/saucissekevy.com\/wordpress\/wp-content\/uploads\/2019\/05\/Sanglierporc-300x209.png\" alt=\"\" width=\"300\" height=\"209\" srcset=\"https:\/\/saucissekevy.com\/wordpress\/wp-content\/uploads\/2019\/05\/Sanglierporc-300x209.png 300w, https:\/\/saucissekevy.com\/wordpress\/wp-content\/uploads\/2019\/05\/Sanglierporc-350x243.png 350w, https:\/\/saucissekevy.com\/wordpress\/wp-content\/uploads\/2019\/05\/Sanglierporc.png 764w\" sizes=\"(max-width: 300px) 100vw, 300px\" \/>&nbsp;<\/span><\/p>\n<p><img decoding=\"async\" loading=\"lazy\" class=\"size-medium wp-image-564 alignleft\" src=\"https:\/\/saucissekevy.com\/wordpress\/wp-content\/uploads\/2019\/05\/Porcdindetofu-300x181.png\" alt=\"\" width=\"300\" height=\"181\" srcset=\"https:\/\/saucissekevy.com\/wordpress\/wp-content\/uploads\/2019\/05\/Porcdindetofu-300x181.png 300w, https:\/\/saucissekevy.com\/wordpress\/wp-content\/uploads\/2019\/05\/Porcdindetofu-350x212.png 350w, https:\/\/saucissekevy.com\/wordpress\/wp-content\/uploads\/2019\/05\/Porcdindetofu.png 726w\" sizes=\"(max-width: 300px) 100vw, 300px\" \/><\/p>\n<p><img decoding=\"async\" loading=\"lazy\" class=\"size-medium wp-image-563 alignright\" src=\"https:\/\/saucissekevy.com\/wordpress\/wp-content\/uploads\/2019\/05\/PorcTofu-300x181.png\" alt=\"\" width=\"300\" height=\"181\" srcset=\"https:\/\/saucissekevy.com\/wordpress\/wp-content\/uploads\/2019\/05\/PorcTofu-300x181.png 300w, https:\/\/saucissekevy.com\/wordpress\/wp-content\/uploads\/2019\/05\/PorcTofu-350x211.png 350w, https:\/\/saucissekevy.com\/wordpress\/wp-content\/uploads\/2019\/05\/PorcTofu.png 684w\" sizes=\"(max-width: 300px) 100vw, 300px\" \/><\/p>\n","protected":false},"excerpt":{"rendered":"<p>&nbsp; &nbsp; Tous les produits K\u00e9vy sont con\u00e7us avec le m\u00eame souci d&#8217;offrir un aliment sant\u00e9 de premi\u00e8re qualit\u00e9, \u00e0 faible teneur en gras satur\u00e9s, sans glutamate monosodique (MSG) ou additifs.&nbsp;<\/p>\n","protected":false},"author":1,"featured_media":659,"parent":8,"menu_order":0,"comment_status":"closed","ping_status":"closed","template":"","meta":{"footnotes":""},"_links":{"self":[{"href":"https:\/\/saucissekevy.com\/index.php?rest_route=\/wp\/v2\/pages\/103"}],"collection":[{"href":"https:\/\/saucissekevy.com\/index.php?rest_route=\/wp\/v2\/pages"}],"about":[{"href":"https:\/\/saucissekevy.com\/index.php?rest_route=\/wp\/v2\/types\/page"}],"author":[{"embeddable":true,"href":"https:\/\/saucissekevy.com\/index.php?rest_route=\/wp\/v2\/users\/1"}],"replies":[{"embeddable":true,"href":"https:\/\/saucissekevy.com\/index.php?rest_route=%2Fwp%2Fv2%2Fcomments&post=103"}],"version-history":[{"count":36,"href":"https:\/\/saucissekevy.com\/index.php?rest_route=\/wp\/v2\/pages\/103\/revisions"}],"predecessor-version":[{"id":661,"href":"https:\/\/saucissekevy.com\/index.php?rest_route=\/wp\/v2\/pages\/103\/revisions\/661"}],"up":[{"embeddable":true,"href":"https:\/\/saucissekevy.com\/index.php?rest_route=\/wp\/v2\/pages\/8"}],"wp:featuredmedia":[{"embeddable":true,"href":"https:\/\/saucissekevy.com\/index.php?rest_route=\/wp\/v2\/media\/659"}],"wp:attachment":[{"href":"https:\/\/saucissekevy.com\/index.php?rest_route=%2Fwp%2Fv2%2Fmedia&parent=103"}],"curies":[{"name":"wp","href":"https:\/\/api.w.org\/{rel}","templated":true}]}}